 in base 4?
11333132322
What is -4667619 (base 10) in base 5?
-2143330434
-27a (base 14) to base 6
-2152
Convert 100011001011011010111 (base 2) to base 14.
220139
What is 1c6ee (base 16) in base 2?
11100011011101110
-52cd5 (base 15) to base 5
-31402100
Convert -1264407 (base 10) to base 11.
-793a71
What is -67766127 (base 8) in base 12?
-4ab85b3
-202010102221120 (base 3) to base 5
-10214242303
What is -4879a (base 12) in base 7?
-555256
What is 211786 (base 11) in base 15?
6a6b0
Convert -512b8 (base 13) to base 14.
-3b043
What is 584608 (base 12) in base 13?
3a8470
-100643162 (base 7) to base 6
-325541225
Convert -240413342 (base 5) to base 2.
-100001110010110010011
4572a59 (base 11) to base 14
10c29a2
24448245 (base 9) to base 8
55477561
What is -13220301 (base 6) in base 11?
-27a215
3a554b (base 13) to base 7
14665550
What is -165132 (base 7) in base 8?
-100350
What is 42926 (base 13) in base 12?
5967b
What is 1472af (base 16) in base 9?
2462216
Convert 809248 (base 10) to base 5.
201343443
-33012442 (base 7) to base 10
-2826889
-12002203012 (base 4) to base 6
-53534034
What is 2cc68 (base 16) in base 6?
3533024
58137 (base 10) to base 9
87666
Convert -201001436 (base 7) to base 4.
-230123231021
What is 156210210 (base 7) in base 4?
220201320102
-2786947 (base 11) to base 10
-4796733
What is -784287 (base 11) in base 15?
-19a631
What is 30353354 (base 8) in base 12?
21927a4
-213111142 (base 7) to base 10
-12725722
100866 (base 14) to base 2
10000011101101011010
-1100000110111010010 (base 2) to base 8
-1406722
What is 36240560 (base 7) in base 4?
30102020330
-7a9250 (base 12) to base 8
-7376034
What is 746357 (base 8) in base 13?
894a4
Convert -21aa4 (base 13) to base 4.
-32323113
What is 122023 (base 8) in base 3?
2010121200
What is -1150202 (base 6) in base 5?
-3422421
What is 89295c (base 13) in base 2?
1100010101011001101001
-3ce9cb (base 15) to base 4
-23030210303
Convert -2023202 (base 8) to base 16.
-82682
What is 1110111010111011 (base 2) in base 10?
61115
Convert 2331420303 (base 5) to base 13.
1150626
-1222374 (base 8) to base 16
-524fc
Convert 136733 (base 9) to base 11.
57984
-1d7ab (base 14) to base 12
-3790b
What is -1a6342 (base 11) in base 13?
-b09c8
-70216460 (base 8) to base 2
-111000010001110100110000
What is -1323231303 (base 4) in base 10?
-506739
-10034522 (base 6) to base 3
-112110210012
100111000011100110001 (base 2) to base 6
43232545
Convert -3456264 (base 8) to base 3.
-1202211010121
Convert -1010110010001000100011 (base 2) to base 12.
-b43a57
What is 2c60 (base 16) in base 8?
26140
-22102242 (base 6) to base 14
-1330d4
What is 4a7138 (base 12) in base 11?
75a910
What is 250311101 (base 6) in base 12?
1728491
-40332030 (base 5) to base 3
-121110110120
5228474 (base 10) to base 16
4fc7ba
-504060 (base 7) to base 13
-2cb80
Convert 56315504 (base 7) to base 15.
6656b5
What is -342390 (base 10) in base 13?
-bcac9
What is -23263a (base 12) in base 4?
-2021300032
76838 (base 16) to base 10
485432
Convert -143e0 (base 15) to base 6.
-1220550
Convert 142433003 (base 5) to base 7.
6240022
Convert -778746 (base 13) to base 10.
-2817795
12956 (base 12) to base 3
1022001110
Convert -870964 (base 15) to base 16.
-622306
What is -342526 (base 10) in base 6?
-11201434
Convert 204672 (base 10) to base 2.
110001111110000000
Convert -430271 (base 10) to base 7.
-3441302
What is -20485441 (base 9) in base 5?
-10010434003
-124562 (base 9) to base 16
-1271c
-104346 (base 10) to base 4
-121132122
What is -100001010001001011111001 (base 2) in base 5?
-4213034040
Convert 130a7 (base 11) to base 14.
6b95
bad3c4 (base 16) to base 8
56551704
What is -22144455 (base 6) in base 10?
-667187
What is -651752 (base 10) in base 5?
-131324002
Convert -1442464 (base 8) to base 9.
-685621
Convert -1fc386 (base 16) to base 4.
-13330032012
13554543 (base 6) to base 15
93290
-6266846 (base 9) to base 10
-3351174
What is 16795b (base 12) in base 9?
648418
What is -444145 (base 8) in base 3?
-21121012221
Convert 1475640 (base 10) to base 2.
101101000010000111000
-1525243 (base 10) to base 4
-11310113323
Convert 506aa (base 16) to base 2.
1010000011010101010
What is 18255 (base 10) in base 4?
10131033
Convert 322500 (base 6) to base 12.
13430
-225053 (base 10) to base 14
-5c033
Convert 15415225 (base 6) to base 8.
2053741
Convert -530a86 (base 12) to base 8.
-4772406
What is -4923a (base 14) in base 11?
-11237a
Convert 205315 (base 13) to base 7.
6260350
-3155192 (base 12) to base 16
-8e33be
Convert -698dd8 (base 16) to base 5.
-3232330332
Convert 677706 (base 13) to base 2.
1001010100101111011101
Convert -1110111001101000 (base 2) to base 15.
-1313c
What is 13010230120 (base 4) in base 5?
433313412
-16a7708 (base 11) to base 10
-2894449
What is -125063 (base 8) in base 3?
-2012202202
What is -197f31 (base 16) in base 4?
-12113330301
-247345 (base 9) to base 10
-149729
Convert 3e44a (base 16) to base 7.
2111405
-136604 (base 8) to base 6
-1012340
What is 5088756 (base 10) in base 11?
2966292
Convert 3112121 (base 8) to base 15.
114401
-14b870 (base 14) to base 13
-1c4315
What is 147760 (base 15) in base 13?
28742a
What is 1a305 (base 15) in base 6?
1453435
Convert -14611257 (base 8) to base 4.
-30301022233
Convert 21020121210221 (base 3) to base 11.
219a991
Convert 1143135 (base 7) to base 10.
145164
Convert -42511 (base 9) to base 4.
-12313111
What is 10414254 (base 7) in base 2?
11011010011011011001
What is -1412521 (base 6) in base 11?
-54958
-1010000011011101011 (base 2) to base 4
-1100123223
What is -1a7914 (base 11) in base 2?
-1001101100110111010
Convert 5768f (base 16) to base 7.
3020552
What is -82238 (base 11) in base 14?
-31a89
Convert 2418402 (base 9) to base 14.
2620bb
What is -3934744 (base 10) in base 16?
-3c0a18
Convert -619a7 (base 12) to base 3.
-20110222201
What is 220210211021102 (base 3) in base 2?
110010010010110010100101
What is -957000 (base 10) in base 6?
-32302320
What is 11211011111201 (base 3) in base 15?
359201
4989959 (base 12) to base 9
30025676
20324041 (base 6) to base 3
1002210202221
What is -310332532 (base 6) in base 16?
-519548
-416683 (base 9) to base 16
-3c78c
Convert -2013 (base 4) to base 3.
-12000
48054 (base 11) to base 14
1b35d
What is dd05 (base 16) in base 5?
3302311
Convert 1541454 (base 7) to base 14.
572d4
What is -198966 (base 16) in base 4?
-12120211212
Convert 62430 (base 10) to base 7.
350004
20021167 (base 8) to base 5
2034000002
What is -20022210112222 (base 3) in base 7?
-40401143
Convert 13033444 (base 5) to base 7.
1040232
12001022211 (base 3) to base 12
4961a
Convert 140220250 (base 6) to base 8.
12577106
Convert 14021104 (base 5) to base 8.
425315
What is 1010c (base 16) in base 8?
200414
What is 15506344 (base 8) in base 11?
2021a61
-90501 (base 15) to base 6
-13442331
What is 371407 (base 8) in base 9?
214215
What is -1323421 (base 5) in base 12?
-13580
What is 2211022202201 (base 3) in base 15?
1ea1d4
What is 3033656 (base 11) in base 6?
310542254
What is -1324220303 (base 5) in base 14?
-633488
21074 (base 10) to base 14
7974
What is -140451 (base 11) in base 3?
-102011222220
-1367626 (base 10) to base 2
-101001101111001001010
Convert 62071 (base 14) to base 13.
835c3
40241040 (base 5) to base 12
135bab
-601a8 (base 13) to base 4
-221322121
-949186 (base 10) to base 2
-11100111101111000010
Convert -11011010110110110110 (base 2) to base 14.
-194994
-3033023 (base 5) to base 4
-23333302
Convert -100100101110111001100100 (base 2) to base 12.
-3284604
Convert 30678 (base 15) to base 7.
1206023
What is 120212022022 (base 3) in base 11?
1a3651
523515 (base 8) to base 7
1323000
Convert -3230012110 (base 4) to base 13.
-27b233
47ab6a (base 13) to base 7
20345361
What is -13906a9 (base 12) in base 16?
-3bd0e1
Convert 1000010001100 (base 2) to base 5.
113421
Convert 1056602 (base 7) to base 13.
48116
Convert 23603 (base 11) to base 12.
17818
Convert 10012212011010 (base 3) to base 2.
110100001011000110000
What is -1b5a2 (base 13) in base 14?
-15801
Convert -7742337 (base 8) to base 4.
-13330103133
Convert -2110212011 (base 3) to base 16.
-be63
What is -11101010100111000 (base 2) in base 8?
-352470
What is 302563 (base 7) in base 14?
14a33
What is 89d3 (base 15) in base 12?
14ab3
What is -2545015 (bas